{"id":9719,"date":"2024-03-23T00:31:12","date_gmt":"2024-03-23T00:31:12","guid":{"rendered":"https:\/\/allinpeek.shop\/?post_type=product&#038;p=9719"},"modified":"2025-11-11T19:51:12","modified_gmt":"2025-11-11T19:51:12","slug":"puma-all-day-active-pour-homme-gris-vert-noir-35-5","status":"publish","type":"product","link":"https:\/\/allinpeek.shop\/index.php\/product\/puma-all-day-active-pour-homme-gris-vert-noir-35-5\/","title":{"rendered":"Puma  All Day Active KIDS , Gris\/Vert\/Noir 35.5"},"content":{"rendered":"<p>Con\u00e7ues pour les athl\u00e8tes enthousiastes, nos baskets All Day Active vont accompagner votre style de vie actif. Dot\u00e9es d\u2019une tige en maille respirante, d\u2019un amorti confortable, d\u2019un renfort de talon cousu pour plus de stabilit\u00e9, de picots en caoutchouc sur la semelle ext\u00e9rieure pour offrir une meilleure adh\u00e9rence et d\u2019une silhouette \u00e9pur\u00e9e, ces chaussures tendance vous accompagneront dans votre style de vie actif. CARACT\u00c9RISTIQUES + AVANTAGES SOFTFOAM+ : premi\u00e8re de propret\u00e9 confortable con\u00e7ue pour offrir un amorti doux gr\u00e2ce au talon ultra \u00e9pais Tige en mesh a\u00e9r\u00e9 avec empi\u00e8cements press\u00e9s \u00e0 chaud Semelle interm\u00e9diaire l\u00e9g\u00e8re en IMEVA La semelle ext\u00e9rieure en caoutchouc mise sur la durabilit\u00e9 l\u2019adh\u00e9rence Empi\u00e8cement de talon cousu pour le soutien Logo PUMA Cat sur le c\u00f4t\u00e9 ext\u00e9rieur au niveau des orteils Bande PUMA Formstrip dynamique sur les c\u00f4t\u00e9s int\u00e9rieur et ext\u00e9rieur. PUMA Chaussure Baskets All Day Active pour Homme gris, taille 35.5.<\/p>\n","protected":false},"excerpt":{"rendered":"<p>Con\u00e7ues pour les athl\u00e8tes enthousiastes, nos baskets All Day Active vont accompagner votre style de vie actif. Dot\u00e9es d\u2019une tige en maille respirante, d\u2019un amorti confortable, d\u2019un renfort de talon cousu pour plus de stabilit\u00e9, de picots en caoutchouc sur la semelle ext\u00e9rieure pour offrir une meilleure adh\u00e9rence et d\u2019une silhouette \u00e9pur\u00e9e, ces chaussures tendance [&hellip;]<\/p>\n","protected":false},"featured_media":13549,"comment_status":"open","ping_status":"closed","template":"","meta":{"om_disable_all_campaigns":false,"_monsterinsights_skip_tracking":false,"_monsterinsights_sitenote_active":false,"_monsterinsights_sitenote_note":"","_monsterinsights_sitenote_category":0},"product_cat":[18],"product_tag":[],"class_list":["post-9719","product","type-product","status-publish","has-post-thumbnail","hentry","product_cat-uncategorized","rtwpvs-product"],"aioseo_notices":[],"jetpack_sharing_enabled":true,"_links":{"self":[{"href":"https:\/\/allinpeek.shop\/index.php\/wp-json\/wp\/v2\/product\/9719","targetHints":{"allow":["GET"]}}],"collection":[{"href":"https:\/\/allinpeek.shop\/index.php\/wp-json\/wp\/v2\/product"}],"about":[{"href":"https:\/\/allinpeek.shop\/index.php\/wp-json\/wp\/v2\/types\/product"}],"replies":[{"embeddable":true,"href":"https:\/\/allinpeek.shop\/index.php\/wp-json\/wp\/v2\/comments?post=9719"}],"wp:featuredmedia":[{"embeddable":true,"href":"https:\/\/allinpeek.shop\/index.php\/wp-json\/wp\/v2\/media\/13549"}],"wp:attachment":[{"href":"https:\/\/allinpeek.shop\/index.php\/wp-json\/wp\/v2\/media?parent=9719"}],"wp:term":[{"taxonomy":"product_cat","embeddable":true,"href":"https:\/\/allinpeek.shop\/index.php\/wp-json\/wp\/v2\/product_cat?post=9719"},{"taxonomy":"product_tag","embeddable":true,"href":"https:\/\/allinpeek.shop\/index.php\/wp-json\/wp\/v2\/product_tag?post=9719"}],"curies":[{"name":"wp","href":"https:\/\/api.w.org\/{rel}","templated":true}]}}