{"id":9608,"date":"2024-03-20T01:55:30","date_gmt":"2024-03-20T01:55:30","guid":{"rendered":"https:\/\/allinpeek.shop\/?post_type=product&#038;p=9608"},"modified":"2025-11-11T18:41:44","modified_gmt":"2025-11-11T18:41:44","slug":"lacoste-sneakers-court-drive-plus-homme-en-tissu","status":"publish","type":"product","link":"https:\/\/allinpeek.shop\/index.php\/product\/lacoste-sneakers-court-drive-plus-homme-en-tissu\/","title":{"rendered":"LACOSTE SNEAKERS KIDS COURT-DRIVE PLUS  EN TISSU"},"content":{"rendered":"<p>DESCRIPTION<br \/>\nREF. 40SMA0032<br \/>\nCe mod\u00e8le \u00e0 lacets polyvalents permet de passer de la salle de sport \u00e0 la ville en un instant gr\u00e2ce \u00e0 une silhouette imposante et tendance. L\u2019empeigne est confectionn\u00e9e en mesh fine, en daim et en ripstop pour cr\u00e9er un jeu de texture, tandis que les lignes inspir\u00e9es de Ren\u00e9 Lacoste mettent \u00e0 l\u2019honneur l\u2019h\u00e9ritage de la marque. Une texture 3D \u00e9voquant un filet de tennis enveloppe la semelle interm\u00e9diaire pour apporter une pointe de dynamisme. Le lettrage Lacoste en caoutchouc emboss\u00e9 sur le quartier et la bande r\u00e9fl\u00e9chissante sur le talon apportent une touche finale hors du commun.<br \/>\nDessus en tissu<br \/>\nSemelle ext\u00e9rieure en caoutchouc<br \/>\nDoublure en tissu<br \/>\nLettrage Lacoste emboss\u00e9 sur le quartier<br \/>\nUne texture 3D enveloppe la semelle interm\u00e9diaire pour apporter un d\u00e9tail technique<br \/>\nSans composition (100%)<\/p>\n","protected":false},"excerpt":{"rendered":"<p>DESCRIPTION REF. 40SMA0032 Ce mod\u00e8le \u00e0 lacets polyvalents permet de passer de la salle de sport \u00e0 la ville en un instant gr\u00e2ce \u00e0 une silhouette imposante et tendance. L\u2019empeigne est confectionn\u00e9e en mesh fine, en daim et en ripstop pour cr\u00e9er un jeu de texture, tandis que les lignes inspir\u00e9es de Ren\u00e9 Lacoste mettent [&hellip;]<\/p>\n","protected":false},"featured_media":9603,"comment_status":"open","ping_status":"closed","template":"","meta":{"om_disable_all_campaigns":false,"_monsterinsights_skip_tracking":false,"_monsterinsights_sitenote_active":false,"_monsterinsights_sitenote_note":"","_monsterinsights_sitenote_category":0},"product_cat":[60,45,157],"product_tag":[],"class_list":["post-9608","product","type-product","status-publish","has-post-thumbnail","hentry","product_cat-chaussures-femme","product_cat-femme","product_cat-promos","rtwpvs-product"],"aioseo_notices":[],"jetpack_sharing_enabled":true,"_links":{"self":[{"href":"https:\/\/allinpeek.shop\/index.php\/wp-json\/wp\/v2\/product\/9608","targetHints":{"allow":["GET"]}}],"collection":[{"href":"https:\/\/allinpeek.shop\/index.php\/wp-json\/wp\/v2\/product"}],"about":[{"href":"https:\/\/allinpeek.shop\/index.php\/wp-json\/wp\/v2\/types\/product"}],"replies":[{"embeddable":true,"href":"https:\/\/allinpeek.shop\/index.php\/wp-json\/wp\/v2\/comments?post=9608"}],"wp:featuredmedia":[{"embeddable":true,"href":"https:\/\/allinpeek.shop\/index.php\/wp-json\/wp\/v2\/media\/9603"}],"wp:attachment":[{"href":"https:\/\/allinpeek.shop\/index.php\/wp-json\/wp\/v2\/media?parent=9608"}],"wp:term":[{"taxonomy":"product_cat","embeddable":true,"href":"https:\/\/allinpeek.shop\/index.php\/wp-json\/wp\/v2\/product_cat?post=9608"},{"taxonomy":"product_tag","embeddable":true,"href":"https:\/\/allinpeek.shop\/index.php\/wp-json\/wp\/v2\/product_tag?post=9608"}],"curies":[{"name":"wp","href":"https:\/\/api.w.org\/{rel}","templated":true}]}}