{"id":8891,"date":"2024-03-07T10:01:21","date_gmt":"2024-03-07T10:01:21","guid":{"rendered":"https:\/\/allinpeek.shop\/?post_type=product&#038;p=8891"},"modified":"2026-02-27T01:03:49","modified_gmt":"2026-02-27T01:03:49","slug":"polo-ralph-lauren-graftyn-marin-green-39","status":"publish","type":"product","link":"https:\/\/allinpeek.shop\/index.php\/product\/polo-ralph-lauren-graftyn-marin-green-39\/","title":{"rendered":"POLO RALPH LAUREN GRAFTYN marin \/ green"},"content":{"rendered":"<p>DESCRIPTION<br \/>\nD\u00e9finissant le luxe moderne et le style intemporel depuis 1967. Une affaire de famille, Ralph Lauren propose des collections pour hommes, femmes et enfants ainsi que des parfums et des articles d&rsquo;ameublement. Incarnation du style am\u00e9ricain classique, Ralph Lauren est connu dans le monde entier pour son savoir-faire de qualit\u00e9 et son \u00e9l\u00e9gance<\/p>\n","protected":false},"excerpt":{"rendered":"<p>DESCRIPTION D\u00e9finissant le luxe moderne et le style intemporel depuis 1967. Une affaire de famille, Ralph Lauren propose des collections pour hommes, femmes et enfants ainsi que des parfums et des articles d&rsquo;ameublement. Incarnation du style am\u00e9ricain classique, Ralph Lauren est connu dans le monde entier pour son savoir-faire de qualit\u00e9 et son \u00e9l\u00e9gance<\/p>\n","protected":false},"featured_media":24586,"comment_status":"open","ping_status":"closed","template":"","meta":{"om_disable_all_campaigns":false,"_monsterinsights_skip_tracking":false,"_monsterinsights_sitenote_active":false,"_monsterinsights_sitenote_note":"","_monsterinsights_sitenote_category":0},"product_cat":[58,56,157],"product_tag":[],"class_list":["post-8891","product","type-product","status-publish","has-post-thumbnail","hentry","product_cat-chaussures","product_cat-enfant","product_cat-promos","rtwpvs-product"],"aioseo_notices":[],"jetpack_sharing_enabled":true,"_links":{"self":[{"href":"https:\/\/allinpeek.shop\/index.php\/wp-json\/wp\/v2\/product\/8891","targetHints":{"allow":["GET"]}}],"collection":[{"href":"https:\/\/allinpeek.shop\/index.php\/wp-json\/wp\/v2\/product"}],"about":[{"href":"https:\/\/allinpeek.shop\/index.php\/wp-json\/wp\/v2\/types\/product"}],"replies":[{"embeddable":true,"href":"https:\/\/allinpeek.shop\/index.php\/wp-json\/wp\/v2\/comments?post=8891"}],"wp:featuredmedia":[{"embeddable":true,"href":"https:\/\/allinpeek.shop\/index.php\/wp-json\/wp\/v2\/media\/24586"}],"wp:attachment":[{"href":"https:\/\/allinpeek.shop\/index.php\/wp-json\/wp\/v2\/media?parent=8891"}],"wp:term":[{"taxonomy":"product_cat","embeddable":true,"href":"https:\/\/allinpeek.shop\/index.php\/wp-json\/wp\/v2\/product_cat?post=8891"},{"taxonomy":"product_tag","embeddable":true,"href":"https:\/\/allinpeek.shop\/index.php\/wp-json\/wp\/v2\/product_tag?post=8891"}],"curies":[{"name":"wp","href":"https:\/\/api.w.org\/{rel}","templated":true}]}}