{"id":8749,"date":"2024-03-06T13:39:37","date_gmt":"2024-03-06T13:39:37","guid":{"rendered":"https:\/\/allinpeek.shop\/?post_type=product&#038;p=8749"},"modified":"2025-11-11T17:03:17","modified_gmt":"2025-11-11T17:03:17","slug":"ea7-emporio-armanisneakers-xsx006-xcc53-00175-blanc-35","status":"publish","type":"product","link":"https:\/\/allinpeek.shop\/index.php\/product\/ea7-emporio-armanisneakers-xsx006-xcc53-00175-blanc-35\/","title":{"rendered":"EA7 Emporio ArmaniSneakers KIDS Blanc 35"},"content":{"rendered":"<p><strong>INFORMATIONS SUR LE PRODUIT<\/strong><br \/>\n<strong>D\u00e9tails<\/strong><br \/>\nMarque : EA7 Emporio Armani<br \/>\nCouleur: blanc<br \/>\nCouleur indiqu\u00e9e par le fabricant: \/White<br \/>\nType de fermeture : Lacets<br \/>\nType de bout :          Rond<br \/>\nType de semelle :    Plat<br \/>\nAutres :                     Lacets en tissu<br \/>\nMod\u00e8le :                   XSX006 XCC53 A120<br \/>\nIndex :                      0000200879024<\/p>\n<p><strong>Taille et ajustement<\/strong><\/p>\n<ul>\n<li>\u00c9paisseur de semelle : 2 cm<\/li>\n<li>Hauteur totale de la chaussure : 9.5 cm<\/li>\n<li>Poids de chaussure (pointure la plus petite)<\/li>\n<\/ul>\n<p>360 g<\/p>\n<p><strong>Composition et entretien<\/strong><\/p>\n<ul>\n<li>Semelle de propret\u00e9 : Tissu<\/li>\n<li>Int\u00e9rieur :                      Tissu<\/li>\n<li>Tige :                             Cuir &#8211; Cuir pleine fleur<\/li>\n<li>Rembourrage :             Rigide<\/li>\n<li>Semelle d&rsquo;usure :         Mati\u00e8re synth\u00e9tique de haute qualit\u00e9<\/li>\n<\/ul>\n","protected":false},"excerpt":{"rendered":"<p>INFORMATIONS SUR LE PRODUIT D\u00e9tails Marque : EA7 Emporio Armani Couleur: blanc Couleur indiqu\u00e9e par le fabricant: \/White Type de fermeture : Lacets Type de bout : Rond Type de semelle : Plat Autres : Lacets en tissu Mod\u00e8le : XSX006 XCC53 A120 Index : 0000200879024 Taille et ajustement \u00c9paisseur de semelle : 2 cm [&hellip;]<\/p>\n","protected":false},"featured_media":8745,"comment_status":"open","ping_status":"closed","template":"","meta":{"om_disable_all_campaigns":false,"_monsterinsights_skip_tracking":false,"_monsterinsights_sitenote_active":false,"_monsterinsights_sitenote_note":"","_monsterinsights_sitenote_category":0},"product_cat":[58,56,157],"product_tag":[],"class_list":["post-8749","product","type-product","status-publish","has-post-thumbnail","hentry","product_cat-chaussures","product_cat-enfant","product_cat-promos","rtwpvs-product"],"aioseo_notices":[],"jetpack_sharing_enabled":true,"_links":{"self":[{"href":"https:\/\/allinpeek.shop\/index.php\/wp-json\/wp\/v2\/product\/8749","targetHints":{"allow":["GET"]}}],"collection":[{"href":"https:\/\/allinpeek.shop\/index.php\/wp-json\/wp\/v2\/product"}],"about":[{"href":"https:\/\/allinpeek.shop\/index.php\/wp-json\/wp\/v2\/types\/product"}],"replies":[{"embeddable":true,"href":"https:\/\/allinpeek.shop\/index.php\/wp-json\/wp\/v2\/comments?post=8749"}],"wp:featuredmedia":[{"embeddable":true,"href":"https:\/\/allinpeek.shop\/index.php\/wp-json\/wp\/v2\/media\/8745"}],"wp:attachment":[{"href":"https:\/\/allinpeek.shop\/index.php\/wp-json\/wp\/v2\/media?parent=8749"}],"wp:term":[{"taxonomy":"product_cat","embeddable":true,"href":"https:\/\/allinpeek.shop\/index.php\/wp-json\/wp\/v2\/product_cat?post=8749"},{"taxonomy":"product_tag","embeddable":true,"href":"https:\/\/allinpeek.shop\/index.php\/wp-json\/wp\/v2\/product_tag?post=8749"}],"curies":[{"name":"wp","href":"https:\/\/api.w.org\/{rel}","templated":true}]}}