{"id":8340,"date":"2024-02-27T19:21:13","date_gmt":"2024-02-27T19:21:13","guid":{"rendered":"https:\/\/allinpeek.shop\/?post_type=product&#038;p=8340"},"modified":"2025-02-27T09:08:26","modified_gmt":"2025-02-27T09:08:26","slug":"nike-air-presto-forest-green-35","status":"publish","type":"product","link":"https:\/\/allinpeek.shop\/index.php\/product\/nike-air-presto-forest-green-35\/","title":{"rendered":"NIKE AIR PRESTO FOREST GREEN ,KIDS"},"content":{"rendered":"<div class=\"product-info ncss-col-sm-12 full ta-sm-c\">\n<h1 class=\"headline-5=small\"><span>Air Presto<\/span><\/h1>\n<h2 class=\"headline-2\" data-qa=\"product-title\"><span>For\u00eat verte<\/span><\/h2>\n<\/div>\n<div class=\"ncss-col-sm-12\">\n<div class=\"ncss-col-sm-12\">\n<div class=\"description-text text-color-grey mb9-sm ta-sm-c\">\n<p><span>Avec un design \u00e9l\u00e9gant plus confortable que votre T-shirt pr\u00e9f\u00e9r\u00e9, l&rsquo;Air Presto est fait pour se sentir bien et avoir un look rapide. Sa manche extensible cr\u00e9e un ajustement confortable, semblable \u00e0 celui d&rsquo;une chaussette, tandis que la mousse ultra douce ajoute du ressort \u00e0 votre pas. Mettez-les et vous ne voudrez plus jamais les enlever. Cependant, si vous les avez enlev\u00e9s, jetez un \u0153il aux cinq points sur la semelle interm\u00e9diaire : ils rendent hommage au projet innovant Nike Alpha, qui a produit l&rsquo;OG Air Presto. C\u00e9l\u00e9brez un OG avec un confort qui dure. <\/span><br \/>\n<span>UGS : CT3550-300<\/span><\/p>\n<\/div>\n<\/div>\n<\/div>\n","protected":false},"excerpt":{"rendered":"<p>Air Presto For\u00eat verte Avec un design \u00e9l\u00e9gant plus confortable que votre T-shirt pr\u00e9f\u00e9r\u00e9, l&rsquo;Air Presto est fait pour se sentir bien et avoir un look rapide. Sa manche extensible cr\u00e9e un ajustement confortable, semblable \u00e0 celui d&rsquo;une chaussette, tandis que la mousse ultra douce ajoute du ressort \u00e0 votre pas. Mettez-les et vous ne [&hellip;]<\/p>\n","protected":false},"featured_media":8352,"comment_status":"open","ping_status":"closed","template":"","meta":{"om_disable_all_campaigns":false,"_monsterinsights_skip_tracking":false,"_monsterinsights_sitenote_active":false,"_monsterinsights_sitenote_note":"","_monsterinsights_sitenote_category":0},"product_cat":[58,56,157],"product_tag":[],"class_list":["post-8340","product","type-product","status-publish","has-post-thumbnail","hentry","product_cat-chaussures","product_cat-enfant","product_cat-promos","rtwpvs-product"],"aioseo_notices":[],"jetpack_sharing_enabled":true,"_links":{"self":[{"href":"https:\/\/allinpeek.shop\/index.php\/wp-json\/wp\/v2\/product\/8340","targetHints":{"allow":["GET"]}}],"collection":[{"href":"https:\/\/allinpeek.shop\/index.php\/wp-json\/wp\/v2\/product"}],"about":[{"href":"https:\/\/allinpeek.shop\/index.php\/wp-json\/wp\/v2\/types\/product"}],"replies":[{"embeddable":true,"href":"https:\/\/allinpeek.shop\/index.php\/wp-json\/wp\/v2\/comments?post=8340"}],"wp:featuredmedia":[{"embeddable":true,"href":"https:\/\/allinpeek.shop\/index.php\/wp-json\/wp\/v2\/media\/8352"}],"wp:attachment":[{"href":"https:\/\/allinpeek.shop\/index.php\/wp-json\/wp\/v2\/media?parent=8340"}],"wp:term":[{"taxonomy":"product_cat","embeddable":true,"href":"https:\/\/allinpeek.shop\/index.php\/wp-json\/wp\/v2\/product_cat?post=8340"},{"taxonomy":"product_tag","embeddable":true,"href":"https:\/\/allinpeek.shop\/index.php\/wp-json\/wp\/v2\/product_tag?post=8340"}],"curies":[{"name":"wp","href":"https:\/\/api.w.org\/{rel}","templated":true}]}}