{"id":8071,"date":"2023-12-25T15:07:10","date_gmt":"2023-12-25T15:07:10","guid":{"rendered":"https:\/\/allinpeek.shop\/?post_type=product&#038;p=8071"},"modified":"2026-01-16T10:55:43","modified_gmt":"2026-01-16T10:55:43","slug":"bonnet-timberland-avec-poignets-hauts-homme","status":"publish","type":"product","link":"https:\/\/allinpeek.shop\/index.php\/product\/bonnet-timberland-avec-poignets-hauts-homme\/","title":{"rendered":"TIMBERLAND\nMen&rsquo;s essential beanie with boot patch"},"content":{"rendered":"<p><strong>Composition du mat\u00e9riau <\/strong><\/p>\n<p>100% Acrylique<\/p>\n<p><strong> Instructions d&rsquo;entretien<\/strong><\/p>\n<p>Lavage \u00e0 la main seulement<\/p>\n<p><strong> Type de fermeture<\/strong><\/p>\n<p>\u00c0 enfiler<\/p>\n<p><strong> \u00c0 propos de cet article <\/strong><\/p>\n<ul>\n<li>Patch de bottes centr\u00e9 sur le brassard.<\/li>\n<li>Manchette pliable de 7,6 cm Largeur \/ longueur : 22,9 cm x 22,9 cm<\/li>\n<\/ul>\n","protected":false},"excerpt":{"rendered":"<p>Composition du mat\u00e9riau 100% Acrylique Instructions d&rsquo;entretien Lavage \u00e0 la main seulement Type de fermeture \u00c0 enfiler \u00c0 propos de cet article Patch de bottes centr\u00e9 sur le brassard. Manchette pliable de 7,6 cm Largeur \/ longueur : 22,9 cm x 22,9 cm<\/p>\n","protected":false},"featured_media":13805,"comment_status":"open","ping_status":"closed","template":"","meta":{"om_disable_all_campaigns":false,"_monsterinsights_skip_tracking":false,"_monsterinsights_sitenote_active":false,"_monsterinsights_sitenote_note":"","_monsterinsights_sitenote_category":0},"product_cat":[59],"product_tag":[],"class_list":["post-8071","product","type-product","status-publish","has-post-thumbnail","hentry","product_cat-accesoires"],"aioseo_notices":[],"jetpack_sharing_enabled":true,"_links":{"self":[{"href":"https:\/\/allinpeek.shop\/index.php\/wp-json\/wp\/v2\/product\/8071","targetHints":{"allow":["GET"]}}],"collection":[{"href":"https:\/\/allinpeek.shop\/index.php\/wp-json\/wp\/v2\/product"}],"about":[{"href":"https:\/\/allinpeek.shop\/index.php\/wp-json\/wp\/v2\/types\/product"}],"replies":[{"embeddable":true,"href":"https:\/\/allinpeek.shop\/index.php\/wp-json\/wp\/v2\/comments?post=8071"}],"wp:featuredmedia":[{"embeddable":true,"href":"https:\/\/allinpeek.shop\/index.php\/wp-json\/wp\/v2\/media\/13805"}],"wp:attachment":[{"href":"https:\/\/allinpeek.shop\/index.php\/wp-json\/wp\/v2\/media?parent=8071"}],"wp:term":[{"taxonomy":"product_cat","embeddable":true,"href":"https:\/\/allinpeek.shop\/index.php\/wp-json\/wp\/v2\/product_cat?post=8071"},{"taxonomy":"product_tag","embeddable":true,"href":"https:\/\/allinpeek.shop\/index.php\/wp-json\/wp\/v2\/product_tag?post=8071"}],"curies":[{"name":"wp","href":"https:\/\/api.w.org\/{rel}","templated":true}]}}