{"id":7933,"date":"2023-12-15T19:08:52","date_gmt":"2023-12-15T19:08:52","guid":{"rendered":"https:\/\/allinpeek.shop\/?post_type=product&#038;p=7933"},"modified":"2025-11-11T20:10:39","modified_gmt":"2025-11-11T20:10:39","slug":"timberland-6-inch-boot-premium-pour-enfant-jaune-or-34","status":"publish","type":"product","link":"https:\/\/allinpeek.shop\/index.php\/product\/timberland-6-inch-boot-premium-pour-enfant-jaune-or-34\/","title":{"rendered":"Timberland 6-inch Boot Premium pour enfant Jaune\/ or , 34"},"content":{"rendered":"<p>INFORMATIONS RELATIVES AU PRODUIT<\/p>\n<p>Mod\u00e8le : TB 0A27U1231<\/p>\n<p>Cette 6-inch boot Timberland\u00ae Premium pour enfant est r\u00e9alis\u00e9e en cuir Better Leather haut de gamme sp\u00e9cialement s\u00e9lectionn\u00e9, issu d&rsquo;une tannerie \u00e9coresponsable class\u00e9e Argent. La doublure est r\u00e9alis\u00e9e en tissu ReBOTL\u2122 durable, fabriqu\u00e9 avec au moins 50 % de plastique recycl\u00e9. Con\u00e7u pour durer, car nous savons que les enfants ont besoin d&rsquo;une bottine robuste \u00e0 porter quand ils jouent, ce mod\u00e8le imperm\u00e9able classique est dot\u00e9 d&rsquo;une isolation PrimaLoft\u00ae, d&rsquo;un col rembourr\u00e9 pour le confort et d&rsquo;un cambrion en acier pour le soutien de la vo\u00fbte plantaire.<\/p>\n<p>Tige en nubuck Better Leather haut de gamme issu d&rsquo;une tannerie class\u00e9e Argent<\/p>\n<p>Doublure en tissu ReBOTL\u2122 durable contenant au moins 50 % de plastique recycl\u00e9<\/p>\n<p>Construction \u00e0 coutures scell\u00e9es enti\u00e8rement imperm\u00e9able<\/p>\n<p>Isolation PrimaLoft\u00ae chaude de 200 g<\/p>\n<p>Col rembourr\u00e9 pour le confort de la cheville<\/p>\n<p>Mod\u00e8le \u00e0 lacets<\/p>\n<p>Assise plantaire en mousse d&rsquo;EVA m\u00e9lang\u00e9 pour plus d&rsquo;amorti<\/p>\n<p>Cambrion en acier pour maintenir la vo\u00fbte plantaire<\/p>\n<p>Semelle adh\u00e9rente crant\u00e9e adh\u00e9rente en caoutchouc<\/p>\n<p>CARE INSTRUCTIONS:<\/p>\n<p>Kit de nettoyage \u00e0 sec<\/p>\n<p>Protector Baume protecteur multifonction Balm Proofer Suede Restorer Brush<\/p>\n<p>Nettoyant<\/p>\n<p>Mousse nettoyante renewbuck pour daim et nubuck<\/p>\n","protected":false},"excerpt":{"rendered":"<p>INFORMATIONS RELATIVES AU PRODUIT Mod\u00e8le : TB 0A27U1231 Cette 6-inch boot Timberland\u00ae Premium pour enfant est r\u00e9alis\u00e9e en cuir Better Leather haut de gamme sp\u00e9cialement s\u00e9lectionn\u00e9, issu d&rsquo;une tannerie \u00e9coresponsable class\u00e9e Argent. La doublure est r\u00e9alis\u00e9e en tissu ReBOTL\u2122 durable, fabriqu\u00e9 avec au moins 50 % de plastique recycl\u00e9. Con\u00e7u pour durer, car nous savons [&hellip;]<\/p>\n","protected":false},"featured_media":7941,"comment_status":"open","ping_status":"closed","template":"","meta":{"om_disable_all_campaigns":false,"_monsterinsights_skip_tracking":false,"_monsterinsights_sitenote_active":false,"_monsterinsights_sitenote_note":"","_monsterinsights_sitenote_category":0},"product_cat":[58,56,157],"product_tag":[],"class_list":["post-7933","product","type-product","status-publish","has-post-thumbnail","hentry","product_cat-chaussures","product_cat-enfant","product_cat-promos","rtwpvs-product"],"aioseo_notices":[],"jetpack_sharing_enabled":true,"_links":{"self":[{"href":"https:\/\/allinpeek.shop\/index.php\/wp-json\/wp\/v2\/product\/7933","targetHints":{"allow":["GET"]}}],"collection":[{"href":"https:\/\/allinpeek.shop\/index.php\/wp-json\/wp\/v2\/product"}],"about":[{"href":"https:\/\/allinpeek.shop\/index.php\/wp-json\/wp\/v2\/types\/product"}],"replies":[{"embeddable":true,"href":"https:\/\/allinpeek.shop\/index.php\/wp-json\/wp\/v2\/comments?post=7933"}],"wp:featuredmedia":[{"embeddable":true,"href":"https:\/\/allinpeek.shop\/index.php\/wp-json\/wp\/v2\/media\/7941"}],"wp:attachment":[{"href":"https:\/\/allinpeek.shop\/index.php\/wp-json\/wp\/v2\/media?parent=7933"}],"wp:term":[{"taxonomy":"product_cat","embeddable":true,"href":"https:\/\/allinpeek.shop\/index.php\/wp-json\/wp\/v2\/product_cat?post=7933"},{"taxonomy":"product_tag","embeddable":true,"href":"https:\/\/allinpeek.shop\/index.php\/wp-json\/wp\/v2\/product_tag?post=7933"}],"curies":[{"name":"wp","href":"https:\/\/api.w.org\/{rel}","templated":true}]}}