{"id":7710,"date":"2023-11-20T11:31:19","date_gmt":"2023-11-20T11:31:19","guid":{"rendered":"https:\/\/allinpeek.shop\/?post_type=product&#038;p=7710"},"modified":"2026-02-01T10:45:11","modified_gmt":"2026-02-01T10:45:11","slug":"adidas-tensaur-noir-mixte-enfant-29-30","status":"publish","type":"product","link":"https:\/\/allinpeek.shop\/index.php\/product\/adidas-tensaur-noir-mixte-enfant-29-30\/","title":{"rendered":"Adidas Tensaur Noir Mixte \/ KIDS"},"content":{"rendered":"<p>Description<strong> Adidas Tensaur <\/strong><\/p>\n<p>Les chaussures pourAdidas Tensaur GW9068 sont conseill\u00e9es \u00e0 chacun qui cherche du produit excellent qui int\u00e8gre de la fonctionnalit\u00e9 et du look superbe. Ces baskets basses non conventionnelles pour sont parfaites comme chaussures de type universel \u2013 elles vont bien avec des habits quotidiens et de m\u00eame avec des tenus de style \u00e9l\u00e9gant pour des f\u00eates insolites (p.ex. elles semblent bien avec une chemise \u00e0 la mode). A tous ces traits, la soci\u00e9t\u00e9 Adidas a ajout\u00e9 la s\u00e9curit\u00e9 et le confort. Ils sont procur\u00e9s par des technologies modernes qui ne manquent pas dans ces chaussures, mais aussi par la tige faite des mat\u00e9riaux de la plus haute qualit\u00e9 (synth\u00e9tique). Le mod\u00e8le Adidas Tensaur est id\u00e9al pour toute saison.<\/p>\n","protected":false},"excerpt":{"rendered":"<p>Description Adidas Tensaur Les chaussures pourAdidas Tensaur GW9068 sont conseill\u00e9es \u00e0 chacun qui cherche du produit excellent qui int\u00e8gre de la fonctionnalit\u00e9 et du look superbe. Ces baskets basses non conventionnelles pour sont parfaites comme chaussures de type universel \u2013 elles vont bien avec des habits quotidiens et de m\u00eame avec des tenus de style [&hellip;]<\/p>\n","protected":false},"featured_media":13560,"comment_status":"open","ping_status":"closed","template":"","meta":{"om_disable_all_campaigns":false,"_monsterinsights_skip_tracking":false,"_monsterinsights_sitenote_active":false,"_monsterinsights_sitenote_note":"","_monsterinsights_sitenote_category":0},"product_cat":[58,56,157],"product_tag":[],"class_list":["post-7710","product","type-product","status-publish","has-post-thumbnail","hentry","product_cat-chaussures","product_cat-enfant","product_cat-promos","rtwpvs-product"],"aioseo_notices":[],"jetpack_sharing_enabled":true,"_links":{"self":[{"href":"https:\/\/allinpeek.shop\/index.php\/wp-json\/wp\/v2\/product\/7710","targetHints":{"allow":["GET"]}}],"collection":[{"href":"https:\/\/allinpeek.shop\/index.php\/wp-json\/wp\/v2\/product"}],"about":[{"href":"https:\/\/allinpeek.shop\/index.php\/wp-json\/wp\/v2\/types\/product"}],"replies":[{"embeddable":true,"href":"https:\/\/allinpeek.shop\/index.php\/wp-json\/wp\/v2\/comments?post=7710"}],"wp:featuredmedia":[{"embeddable":true,"href":"https:\/\/allinpeek.shop\/index.php\/wp-json\/wp\/v2\/media\/13560"}],"wp:attachment":[{"href":"https:\/\/allinpeek.shop\/index.php\/wp-json\/wp\/v2\/media?parent=7710"}],"wp:term":[{"taxonomy":"product_cat","embeddable":true,"href":"https:\/\/allinpeek.shop\/index.php\/wp-json\/wp\/v2\/product_cat?post=7710"},{"taxonomy":"product_tag","embeddable":true,"href":"https:\/\/allinpeek.shop\/index.php\/wp-json\/wp\/v2\/product_tag?post=7710"}],"curies":[{"name":"wp","href":"https:\/\/api.w.org\/{rel}","templated":true}]}}