{"id":7246,"date":"2023-10-26T15:34:19","date_gmt":"2023-10-26T14:34:19","guid":{"rendered":"https:\/\/allinpeek.shop\/?post_type=product&#038;p=7246"},"modified":"2024-11-20T21:37:57","modified_gmt":"2024-11-20T21:37:57","slug":"nike-air-max-dawn-blanc-beige-clair","status":"publish","type":"product","link":"https:\/\/allinpeek.shop\/index.php\/product\/nike-air-max-dawn-blanc-beige-clair\/","title":{"rendered":"Nike Air Max Dawn Blanc\/Beige clair , GS"},"content":{"rendered":"<p><span style=\"vertical-align: inherit;\"><span style=\"vertical-align: inherit;\">Dans le monde Air Max, c&rsquo;est un nouveau jour avec la Nike Air Max Dawn. <\/span><span style=\"vertical-align: inherit;\">Nous apportons une ambiance classique avec des d\u00e9tails en daim doux et construisons un look pour l&rsquo;avenir avec une chaussure fabriqu\u00e9e \u00e0 partir d&rsquo;au moins 20 % de mat\u00e9riaux recycl\u00e9s en poids. <\/span><span style=\"vertical-align: inherit;\">Simples, polyvalentes et rembourr\u00e9es avec Air : vous ne pouvez pas vous tromper en commen\u00e7ant votre journ\u00e9e avec ces chaussures. <\/span><span style=\"vertical-align: inherit;\">Couleur affich\u00e9e : Blanc\/Beige clair\/\u00c0 peine Volt\/Noir Mod\u00e8le : DH3157-107<\/span><\/span><\/p>\n","protected":false},"excerpt":{"rendered":"<p>Dans le monde Air Max, c&rsquo;est un nouveau jour avec la Nike Air Max Dawn. Nous apportons une ambiance classique avec des d\u00e9tails en daim doux et construisons un look pour l&rsquo;avenir avec une chaussure fabriqu\u00e9e \u00e0 partir d&rsquo;au moins 20 % de mat\u00e9riaux recycl\u00e9s en poids. Simples, polyvalentes et rembourr\u00e9es avec Air : vous [&hellip;]<\/p>\n","protected":false},"featured_media":7250,"comment_status":"open","ping_status":"closed","template":"","meta":{"om_disable_all_campaigns":false,"_monsterinsights_skip_tracking":false,"_monsterinsights_sitenote_active":false,"_monsterinsights_sitenote_note":"","_monsterinsights_sitenote_category":0},"product_cat":[58,56,157],"product_tag":[],"class_list":["post-7246","product","type-product","status-publish","has-post-thumbnail","hentry","product_cat-chaussures","product_cat-enfant","product_cat-promos","rtwpvs-product"],"aioseo_notices":[],"jetpack_sharing_enabled":true,"_links":{"self":[{"href":"https:\/\/allinpeek.shop\/index.php\/wp-json\/wp\/v2\/product\/7246","targetHints":{"allow":["GET"]}}],"collection":[{"href":"https:\/\/allinpeek.shop\/index.php\/wp-json\/wp\/v2\/product"}],"about":[{"href":"https:\/\/allinpeek.shop\/index.php\/wp-json\/wp\/v2\/types\/product"}],"replies":[{"embeddable":true,"href":"https:\/\/allinpeek.shop\/index.php\/wp-json\/wp\/v2\/comments?post=7246"}],"wp:featuredmedia":[{"embeddable":true,"href":"https:\/\/allinpeek.shop\/index.php\/wp-json\/wp\/v2\/media\/7250"}],"wp:attachment":[{"href":"https:\/\/allinpeek.shop\/index.php\/wp-json\/wp\/v2\/media?parent=7246"}],"wp:term":[{"taxonomy":"product_cat","embeddable":true,"href":"https:\/\/allinpeek.shop\/index.php\/wp-json\/wp\/v2\/product_cat?post=7246"},{"taxonomy":"product_tag","embeddable":true,"href":"https:\/\/allinpeek.shop\/index.php\/wp-json\/wp\/v2\/product_tag?post=7246"}],"curies":[{"name":"wp","href":"https:\/\/api.w.org\/{rel}","templated":true}]}}