{"id":19638,"date":"2025-02-15T14:48:57","date_gmt":"2025-02-15T14:48:57","guid":{"rendered":"https:\/\/allinpeek.shop\/?post_type=product&#038;p=19638"},"modified":"2025-10-07T23:16:29","modified_gmt":"2025-10-07T22:16:29","slug":"alexander-save-the-duck-matelassee-classique","status":"publish","type":"product","link":"https:\/\/allinpeek.shop\/index.php\/product\/alexander-save-the-duck-matelassee-classique\/","title":{"rendered":"Alexander Save the duck matelass\u00e9e classique"},"content":{"rendered":"<p><span>Une r\u00e9interpr\u00e9tation animal-free de la veste matelass\u00e9e classique Alexander pr\u00e9sente une silhouette ajust\u00e9e avec un col montant et une fermeture zipp\u00e9e bidirectionnelle. R\u00e9alis\u00e9e en nylon l\u00e9ger et hydrofuge elle pr\u00e9sente des poches lat\u00e9rales zipp\u00e9es pour garder vos effets personnels en s\u00e9curit\u00e9. Les d\u00e9tails caract\u00e9ristiques comprennent \u00e9cusson avec logo en caoutchouc sur la manche et des tirettes orange<\/span><\/p>\n","protected":false},"excerpt":{"rendered":"<p>Une r\u00e9interpr\u00e9tation animal-free de la veste matelass\u00e9e classique Alexander pr\u00e9sente une silhouette ajust\u00e9e avec un col montant et une fermeture zipp\u00e9e bidirectionnelle. R\u00e9alis\u00e9e en nylon l\u00e9ger et hydrofuge elle pr\u00e9sente des poches lat\u00e9rales zipp\u00e9es pour garder vos effets personnels en s\u00e9curit\u00e9. Les d\u00e9tails caract\u00e9ristiques comprennent \u00e9cusson avec logo en caoutchouc sur la manche et des [&hellip;]<\/p>\n","protected":false},"featured_media":19633,"comment_status":"open","ping_status":"closed","template":"","meta":{"om_disable_all_campaigns":false,"_monsterinsights_skip_tracking":false,"_monsterinsights_sitenote_active":false,"_monsterinsights_sitenote_note":"","_monsterinsights_sitenote_category":0},"product_cat":[18],"product_tag":[],"class_list":["post-19638","product","type-product","status-publish","has-post-thumbnail","hentry","product_cat-uncategorized","rtwpvs-product"],"aioseo_notices":[],"jetpack_sharing_enabled":true,"_links":{"self":[{"href":"https:\/\/allinpeek.shop\/index.php\/wp-json\/wp\/v2\/product\/19638","targetHints":{"allow":["GET"]}}],"collection":[{"href":"https:\/\/allinpeek.shop\/index.php\/wp-json\/wp\/v2\/product"}],"about":[{"href":"https:\/\/allinpeek.shop\/index.php\/wp-json\/wp\/v2\/types\/product"}],"replies":[{"embeddable":true,"href":"https:\/\/allinpeek.shop\/index.php\/wp-json\/wp\/v2\/comments?post=19638"}],"wp:featuredmedia":[{"embeddable":true,"href":"https:\/\/allinpeek.shop\/index.php\/wp-json\/wp\/v2\/media\/19633"}],"wp:attachment":[{"href":"https:\/\/allinpeek.shop\/index.php\/wp-json\/wp\/v2\/media?parent=19638"}],"wp:term":[{"taxonomy":"product_cat","embeddable":true,"href":"https:\/\/allinpeek.shop\/index.php\/wp-json\/wp\/v2\/product_cat?post=19638"},{"taxonomy":"product_tag","embeddable":true,"href":"https:\/\/allinpeek.shop\/index.php\/wp-json\/wp\/v2\/product_tag?post=19638"}],"curies":[{"name":"wp","href":"https:\/\/api.w.org\/{rel}","templated":true}]}}