{"id":10881,"date":"2024-05-30T16:53:14","date_gmt":"2024-05-30T15:53:14","guid":{"rendered":"https:\/\/allinpeek.shop\/?post_type=product&#038;p=10881"},"modified":"2024-10-14T19:02:02","modified_gmt":"2024-10-14T18:02:02","slug":"puma-all-day-active-basket-cadet-unisex","status":"publish","type":"product","link":"https:\/\/allinpeek.shop\/index.php\/product\/puma-all-day-active-basket-cadet-unisex\/","title":{"rendered":"Puma All-Day Active Basket Cadet Unisex KIDS"},"content":{"rendered":"<p>Description :<br \/>\nces chaussures All-Day Active sont con\u00e7ues pour vous permettre de bouger tout au long de la journ\u00e9e. La forme \u00e9pur\u00e9e et le design frais leur permettent d\u2019\u00eatre combin\u00e9s avec n\u2019importe quelle tenue d\u00e9contract\u00e9e. Enfilez-les et vous vous sentirez instantan\u00e9ment pr\u00eat \u00e0 prendre la route.<br \/>\n*CARACT\u00c9RISTIQUES ET AVANTAGES :<br \/>\nSOFTFOAM+ : Semelle int\u00e9rieure confortable con\u00e7ue pour offrir un amorti doux gr\u00e2ce \u00e0 son talon extra \u00e9pais<br \/>\n*D\u00e9tails :<br \/>\n-Base en maille a\u00e9r\u00e9e avec superpositions press\u00e9es \u00e0 chaud<br \/>\n-Fermeture auto-agrippante<br \/>\n-Semelle interm\u00e9diaire l\u00e9g\u00e8re IMEVA<br \/>\n-Renforts en caoutchouc sur la semelle ext\u00e9rieure<br \/>\n-Rev\u00eatement de talon cousu pour plus de soutien<br \/>\n-Bande PUMA dynamique sur les c\u00f4t\u00e9s m\u00e9dial et lat\u00e9ral<br \/>\n-Logo PUMA Cat sur la languette, la pointe et le talon<\/p>\n","protected":false},"excerpt":{"rendered":"<p>Description : ces chaussures All-Day Active sont con\u00e7ues pour vous permettre de bouger tout au long de la journ\u00e9e. La forme \u00e9pur\u00e9e et le design frais leur permettent d\u2019\u00eatre combin\u00e9s avec n\u2019importe quelle tenue d\u00e9contract\u00e9e. Enfilez-les et vous vous sentirez instantan\u00e9ment pr\u00eat \u00e0 prendre la route. *CARACT\u00c9RISTIQUES ET AVANTAGES : SOFTFOAM+ : Semelle int\u00e9rieure confortable [&hellip;]<\/p>\n","protected":false},"featured_media":10878,"comment_status":"open","ping_status":"closed","template":"","meta":{"om_disable_all_campaigns":false,"_monsterinsights_skip_tracking":false,"_monsterinsights_sitenote_active":false,"_monsterinsights_sitenote_note":"","_monsterinsights_sitenote_category":0},"product_cat":[18,157],"product_tag":[],"class_list":["post-10881","product","type-product","status-publish","has-post-thumbnail","hentry","product_cat-uncategorized","product_cat-promos","rtwpvs-product"],"aioseo_notices":[],"jetpack_sharing_enabled":true,"_links":{"self":[{"href":"https:\/\/allinpeek.shop\/index.php\/wp-json\/wp\/v2\/product\/10881","targetHints":{"allow":["GET"]}}],"collection":[{"href":"https:\/\/allinpeek.shop\/index.php\/wp-json\/wp\/v2\/product"}],"about":[{"href":"https:\/\/allinpeek.shop\/index.php\/wp-json\/wp\/v2\/types\/product"}],"replies":[{"embeddable":true,"href":"https:\/\/allinpeek.shop\/index.php\/wp-json\/wp\/v2\/comments?post=10881"}],"wp:featuredmedia":[{"embeddable":true,"href":"https:\/\/allinpeek.shop\/index.php\/wp-json\/wp\/v2\/media\/10878"}],"wp:attachment":[{"href":"https:\/\/allinpeek.shop\/index.php\/wp-json\/wp\/v2\/media?parent=10881"}],"wp:term":[{"taxonomy":"product_cat","embeddable":true,"href":"https:\/\/allinpeek.shop\/index.php\/wp-json\/wp\/v2\/product_cat?post=10881"},{"taxonomy":"product_tag","embeddable":true,"href":"https:\/\/allinpeek.shop\/index.php\/wp-json\/wp\/v2\/product_tag?post=10881"}],"curies":[{"name":"wp","href":"https:\/\/api.w.org\/{rel}","templated":true}]}}